(d).
-6
Let u(q) = 10*q + 16*q - 3*q + 11 - 6*q - 12. Suppose -3 = 4*n + 1. Determine u(n).
-18
Let x(t) = -5*t + 10. Let z be 318/53 + (-2 + -4)/2. Calculate x(z).
-5
Let y(n) = 5*n**3 - 3*n**2 + 4*n + 1. Let j(h) = h**2 - 6*h + 5. Let f be j(3). Let x(w) = -11*w**3 + 5*w**2 - 7*w - 3. Let u(a) = f*x(a) - 9*y(a). Give u(6).
-9
Suppose o = 2*o - 30. Let g be ((2/(-6))/(5/o))/1. Let a(t) = -t**2 - 1. Determine a(g).
-5
Let a(p) = p**3 - 5*p**2 - 5*p - 3. Let s(q) be the first derivative of q**3/3 + 3*q**2 + 11*q - 21. Let u be s(-5). Calculate a(u).
3
Let l(r) = -r**2 + 3. Let w = -53 - -60. Suppose 5*n + 15 = 12*m - w*m, m = 5*n + 15. Determine l(n).
-6
Let j(z) be the second derivative of -z**3 + 5/2*z**2 + 28*z + 1/4*z**4 + 0 + 1/20*z**5. Calculate j(-5).
-15
Let k(h) be the first derivative of -3*h**2/2 + 20*h - 290. Calculate k(5).
5
Let t(k) = -4*k - 2417 - 5*k + 2420. Give t(1).
-6
Let i(u) = 2*u - 1 - 7 + 11. Let o = -10 + 16. What is i(o)?
15
Let j(t) = -3*t**2 - 13*t + 42. Let c be j(-7). Let g(i) = i**2 + 13*i - 22. Determine g(c).
-8
Suppose 5*w - 79 - 104 = -2*q, 2*q - w = 165. Let m be q/(-15) - (-2)/(-5). Let l(j) = j**3 + 7*j**2 + 6*j + 4. What is l(m)?
4
Let y(o) = o**2 + 3*o + 5. Let r(n) = 11 + 0*n**2 + 2*n - 6 + 4*n**2. Let q(c) = -5*c**2 - c - 6. Let d(g) = 3*q(g) + 4*r(g). Let w be d(-3). Give y(w).
9
Let q(g) = g - 13 - 12 - 17 + 46 - 2*g. Determine q(-6).
10
Let p be 5 + ((-4)/1 - -2). Let k(b) be the third derivative of -b**4/24 + b**3/3 + 2448*b**2. Give k(p).
-1
Let v(c) = 3*c**2 + 22*c + 28. Let l(f) = -f**2 - 4*f - 1. Let b(n) = -2*l(n) - v(n). Calculate b(-12).
-2
Let l(x) be the third derivative of -x**6/120 + x**5/10 + x**4/12 + 2*x**3/3 - 228*x**2 + x. Determine l(5).
39
Let q(u) be the second derivative of u**5/20 - 5*u**4/12 - 5*u**3/6 - 2*u**2 - 2*u + 19. Give q(6).
2
Let a(m) = -m**2 - 12*m - 9. Let n be a(-11). Let d(y) = 0*y + 90 + 3*y - n*y - 86. Let w be (4 - 11) + (-2)/(-2). Calculate d(w).
-2
Let a(r) = -r**3 - 3*r**2 + 5*r + 2. Let u(p) = -10*p + 27. Let v be u(3). What is a(v)?
-13
Let m(v) = -14*v + 19. Let x(r) = -5*r + 6. Let l(j) = 6*m(j) - 17*x(j). Let t be l(-6). Let c(k) = -2*k - 4. What is c(t)?
-16
Let y(a) be the first derivative of 1/3*a**3 + 4 + 0*a + a**2. Give y(-3).
3
Let t(p) be the second derivative of -1/4*p**4 + 1/20*p**5 + 0 + 9*p - 1/2*p**3 + 3/2*p**2. Let c(w) = -w**3 - 3*w**2 + 2*w - 4. Let y be c(-4). Give t(y).
7
Let l(c) be the second derivative of c**3/3 + 43*c**2/2 - 2*c + 32. Determine l(-18).
7
Let t(l) = l + 1. Suppose -4*b = -5*v + 14, 34*b = 38*b + v + 26. Determine t(b).
-5
Suppose -o = o + 8. Let g(x) be the second derivative of x**3/2 + x**2 - 2*x - 22. What is g(o)?
-10
Let j(s) = 21*s. Let c(h) = -40*h - 15. Let w(g) = -10*g - 4. Let t(l) = -4*c(l) + 15*w(l). Let m(k) = -3*j(k) + 7*t(k). Suppose 2 + 3 = 5*u. What is m(u)?
7
Let v(g) = g**2 + 2*g. Suppose -2*a + 4*a + 176 = -4*s, 0 = 5*a - 4*s + 440. Let j = 87 + a. Give v(j).
-1
Let d(a) be the second derivative of 0 - 1/40*a**5 + 0*a**2 - 1/6*a**3 - 9*a + 1/8*a**4. Let g(v) be the second derivative of d(v). Calculate g(3).
-6
Let q be (4/3)/((-4)/(-6)). Suppose -3*t - l + 9 = 0, -2 = t - 4*l + 8. Let k(b) = b**3 + 21*b - 22*b + t - 2*b**3 + 2*b**3 - 3*b**q. What is k(3)?
-1
Let l be -1*(-3)/(-15)*5. Let r(w) = -2 + 1 - 173*w**2 - 9*w**3 - 2*w + 171*w**2. What is r(l)?
8
Let f(w) be the third derivative of w**4/6 - w**3 - w**2 + 42. Determine f(6).
18
Let l(x) = x**3 + 10*x**2 + x + 10. Let j be (3 - (-21)/15)/(6/15). Suppose 6*d = j*d + 50. Calculate l(d).
0
Let w = -273 + 267. Let n(y) = -y + 1. Give n(w).
7
Let d be (6/(-15))/((-2)/20). Suppose 12 + 0 = -d*a - 4*l, a - 3*l = -15. Let j(r) = -2*r - 5. What is j(a)?
7
Let a(d) be the first derivative of -d**3/6 - 5*d**2/2 - 10*d + 44. Let q(s) be the first derivative of a(s). Determine q(-9).
4
Let c(u) = 3*u**2 + 9*u + 4. Let a(x) = 5*x**2 + 0*x + 4 - x**2 + 10*x. Let v(j) = -4*a(j) + 5*c(j). Suppose -5*f - 10 = -7*f. Give v(f).
4
Suppose 7*k - 143 = 123. Let g(j) = -3*j + 6*j + k - 41 + j**2. Suppose -3*y + 1 - 10 = 0. Give g(y).
-3
Suppose 3*v - 22 = 4*f, 0 = 3*v - 3*f - 0*f - 21. Let g(j) = -3 + v*j**2 + 2*j - 3*j**3 + 2*j**3 - 4*j**2. Determine g(3).
-6
Let x(n) = -n**3 - 3*n**2 + 4*n. Suppose -12*r + 2*r + 330 = 0. Let b = 29 - r. Give x(b).
0
Let i(h) be the first derivative of 7*h**2/2 + 24*h + 63. What is i(-4)?
-4
Let w(z) be the third derivative of z**4/12 + 2*z**3/3 - 2*z**2. Suppose -3*d - 346*y + 343*y - 15 = 0, -4*d + 3*y - 6 = 0. What is w(d)?
-2
Let d be ((-2)/6)/((34/(-24))/17). Let g(a) = 3*a**2 - 2 + 2*a + 4*a - 4*a**2. What is g(d)?
6
Let h be 6/(-4)*4/2. Let q(x) be the first derivative of -x**2/2 + 4*x - 2. Determine q(h).
7
Let x(k) = -k**3 + 4*k**2 + 4*k. Let s(v) = v**2 - v. Let p(b) = -3*s(b) - x(b). Calculate p(7).
-7
Let k(b) be the second derivative of -2*b**3/3 - b**2 + 689*b. Calculate k(-6).
22
Let x(k) = -k**3 + 6*k**2 + 7*k - 5. Let j = 582 - 575. What is x(j)?
-5
Let p(x) = 3*x**2 - 2*x - 2. Let s(g) = g**2 - g. Let n(j) = -3*p(j) + 8*s(j). Calculate n(-7).
-29
Let v(w) = -w**3 - w**2 - 5*w - 1. Let q(m) = -m**2 + 18*m - 15. Let u be q(17). Let c(r) = -r**u + r + 89 - 89. Let g(j) = 3*c(j) + v(j). Determine g(-2).
-5
Let n(z) = z + 3. Let f be 11 - (-2 + 10 + -4). Let m be 9/18 - f/2. Determine n(m).
0
Let f be 2 - 0*(-3)/9. Suppose 17 = -2*m + f*u + 1, -5*m + 3*u = 34. Let h(x) = -16*x - 4 + 11*x + 2 - x**2. What is h(m)?
-2
Let t(g) = -g - g + 61 - 57 + 0*g**2 + g**2. Let b(c) = 7*c + 3*c**3 - 9*c**2 - 6 - 2*c**3 + 0*c + 3*c**2. Let s be b(5). Give t(s).
12
Let d = -18 - -12. Let j(z) be the second derivative of z**3/3 + 3*z**2/2 + 5*z. Determine j(d).
-9
Let x(w) = -w**2 - 2*w + 2. Let p(g) be the second derivative of -g**4/3 - 4*g**3/3 + 7*g**2/2 + 14*g. Let a(b) = 2*p(b) - 9*x(b). Calculate a(3).
11
Let f(y) be the second derivative of y**4/12 + y**3/6 - y**2/2 + 480*y. Let v be 2/3 + 16/(-6). What is f(v)?
1
Suppose 4*g = 3*o + 10, o + 6 = g + 2*o. Let k(n) be the second derivative of 23*n + 0 + 3/2*n**2 + 1/3*n**3 - 1/12*n**4. What is k(g)?
-5
Let z(i) = 47*i + 1. Let w(g) = 4*g. Let q(x) = -44*w(x) + 4*z(x). Determine q(-3).
-32
Let c = -3 - -8. Suppose 2*q = c + 5. Let m(b) = 11*b**2 - 12*b**2 + 4 - q. Calculate m(-2).
-5
Let m(s) = 3*s**2 + 6*s + 6. Let a(p) = 2*p**2 + 7*p + 4. Let c(b) = 4*a(b) - 3*m(b). What is c(10)?
-2
Let l = -6 - -2. Let a be (32/24)/(l/(-6)). Suppose -a*h + 3 = -1. Let z(p) = -p**3 + 2*p**2 + 3*p - 1. Give z(h).
5
Let p = 529 - 523. Let k(n) = -n**2 + 10*n - 8. What is k(p)?
16
Let p(a) = 9*a. Let m(j) = -4*j - 4. Let c(z) = z - 1. Let s(b) = -3*c(b) - m(b). Let y be s(-6). Determine p(y).
9
Let b be (2/7)/(19/((-399)/(-120))). Let l(y) be the second derivative of 5*y + 0 + 1/12*y**4 - 1/2*y**2 + b*y**5 - 1/2*y**3. Give l(-2).
1
Suppose -2*p = -3*p + 18. Let b(r) = -p - r**3 - 6*r - 26 + 0*r**3 + 50 - 7*r**2. Give b(-5).
-14
Let h(r) = r. Let l(a) = -a**2 - a + 2. Let w(k) = -5*h(k) + l(k). Determine w(-4).
10
Let u(q) = q**2 + 4*q + 4. Suppose -4 = -2*m + 4. Let y be (-1)/m - (-26)/8. Suppose -11 - 1 = y*w. Give u(w).
4
Let l(k) = -4 - 2*k + 3*k + 3*k - k. Let w be l(3). Suppose 3 + 12 = w*c. Let o(d) = d**3 - 3*d**2 - 2*d + 4. Give o(c).
-2
Let y(w) be the second derivative of w**3/3 + 9*w**2 - 286*w. Calculate y(-9).
0
Let q(v) = -2*v + 0*v**2 + 8 - v**3 - 5*v - 9*v**2. Suppose 0 = -3*z - 4*k + 3*k - 23, 2*z = -2*k - 14. Give q(z).
0
Let j(x) = 6*x**2 - 9*x + 11. Suppose 3*p + 2*p + 5*l = 20, 29 = -4*p + 5*l. Let z(r) = -r**2 - 1. Let a(y) = p*j(y) - 5*z(y). Calculate a(5).
14
Suppose -3*v - 203 - 31 = 0. Let z = v + 74. Let i(b) = 6*b + 5 + 3*b**2 - 1 - 6*b**2 - b**3. Calculate i(z).
-4
Suppose 5*m + 5*x = m + 31, 4*x = 3*m - 31. Let f(s) = -s - 12. What is f(m)?
-21
Let a = 175 - 170. Let v(y) be the third derivative of y**6/120 - y**5/15 - y**4/6 - 5*y**2. Give v(a).
5
Let x = -5 - -4. Let u(o) = -7*o**3 - o**2 - o - 1. Let k be u(x). Let a(d) be the third derivative of -d**4/24 - d**3/3 - 3*d**2. Give a(k).
-8
Let d(z) be the third derivative of -z**5/30 + z**4/24 + z**3/6 + 2*z**2 - 5. Give d(2).
-5
Let k(c) = 3*c**2 - 10*c - 1. Let m be k(3). Let n(p) = -p - 3. Give n(m).
1
Suppo